{"id":51,"date":"2011-05-22T16:46:27","date_gmt":"2011-05-22T14:46:27","guid":{"rendered":"http:\/\/www.patchworkmanufaktur.de\/?page_id=51"},"modified":"2018-07-29T19:32:09","modified_gmt":"2018-07-29T17:32:09","slug":"qualitat","status":"publish","type":"page","link":"https:\/\/www.patchworkmanufaktur.de\/?page_id=51","title":{"rendered":"Qualit\u00e4t"},"content":{"rendered":"<p style=\"text-align: justify;\">Jeder Kunde nimmt von mir ein\u00a0<strong>Unikat<\/strong> entgegen und hat einen<br \/>\n<strong>Anspruch auf <\/strong><strong>h\u00f6chste Qualit\u00e4t<\/strong> in jeder Hinsicht.<\/p>\n<p style=\"text-align: justify;\">Ich stelle an mich selbst allerh\u00f6chste\u00a0<strong>Qualit\u00e4tsanspr\u00fcche,<\/strong> da ich schon viele, viele Quilts gearbeitet habe und wei\u00df was passiert, wenn man niedrige Materialqualit\u00e4ten verarbeitet.<\/p>\n<p style=\"text-align: justify;\">Man sp\u00fcrt es beim Benutzen und der Pflege !<\/p>\n<p style=\"text-align: justify;\">Die viele M\u00fche wird von schlechtem Material verh\u00f6hnt.<\/p>\n<p style=\"text-align: justify;\">FAZIT: \u00a0Schade um die viele Arbeit! Die Quilterin verliert den Spa\u00df an der Arbeit und der Benutzer ist unendlich entt\u00e4uscht !<\/p>\n<p style=\"text-align: justify;\">Damit das nicht passieren kann, verwende ich f\u00fcr meine Arbeiten auch ausschlie\u00dflich<strong><br \/>\n<\/strong><strong>Materialien f\u00fchrender Markenhersteller.<\/strong><\/p>\n<p style=\"text-align: justify;\">Die Stoffe sind <strong>original Patchworkstoffe<\/strong> aus 100 % Baumwolle.<br \/>\nMade in USA, Japan und Frankreich .<\/p>\n<p style=\"text-align: justify;\">Sie sind alle bei 40 \u00b0 C waschbar.<\/p>\n<p style=\"text-align: justify;\">Verwende ich Materialien wie Seide, Leinen Wolle, Walk o.\u00e4. weise ich im Etikett auf spezielle Pflegeempfehlungen hin.<\/p>\n<p style=\"text-align: justify;\">F\u00fcr die weiche Griffigkeit, Polsterung und Kuscheloptik verwende ich<br \/>\nhochwertige Volumenvliese der Firma <strong>Freudenberg .<\/strong><\/p>\n<p style=\"text-align: justify;\">Meine N\u00e4hgarne m\u00fcssen jahrelang &#8211; \u00a0oft bis zur Vererbung in die n\u00e4chste Generation &#8211;<br \/>\nden Quilt zusammenhalten !<\/p>\n<p style=\"text-align: justify;\">Deshalb steht auch hier die Qualit\u00e4t immer im Vordergrund. Und zahlt sich aus!<\/p>\n<p style=\"text-align: justify;\"><strong>Madeira \u2013 Garne, G\u00fctermann &#8211; und extra Quiltgarne <\/strong>sind deshalb meine 1. Wahl.<\/p>\n<p style=\"text-align: center;\">Immer auf der Suche nach ausgefallenen Stoffen \/ Designs entdecke ich die sch\u00f6nsten Artikel meistens in der oberen Qualit\u00e4tsstufe.<br \/>\nAus solchen Stoffen kreative Kunstwerke, allt\u00e4glich benutzbare Wohnaccessoires oder einfach nur sch\u00f6ne Dinge f\u00fcr das Auge herzustellen, das ist meine<br \/>\nLeidenschaft\u00a0und mein &#8222;Spirit&#8220;<\/p>\n<p>&nbsp;<\/p>\n","protected":false},"excerpt":{"rendered":"<p>Jeder Kunde nimmt von mir ein\u00a0Unikat entgegen und hat einen Anspruch auf h\u00f6chste Qualit\u00e4t in jeder Hinsicht. Ich stelle an mich selbst allerh\u00f6chste\u00a0Qualit\u00e4tsanspr\u00fcche, da ich schon viele, viele Quilts gearbeitet habe und wei\u00df was passiert, wenn man niedrige Materialqualit\u00e4ten verarbeitet. &hellip; <a href=\"https:\/\/www.patchworkmanufaktur.de\/?page_id=51\">Weiterlesen <span class=\"meta-nav\">&rarr;<\/span><\/a><\/p>\n","protected":false},"author":2,"featured_media":0,"parent":0,"menu_order":4,"comment_status":"closed","ping_status":"closed","template":"","meta":{"footnotes":"","_links_to":"","_links_to_target":""},"class_list":["post-51","page","type-page","status-publish","hentry"],"_links":{"self":[{"href":"https:\/\/www.patchworkmanufaktur.de\/index.php?rest_route=\/wp\/v2\/pages\/51","targetHints":{"allow":["GET"]}}],"collection":[{"href":"https:\/\/www.patchworkmanufaktur.de\/index.php?rest_route=\/wp\/v2\/pages"}],"about":[{"href":"https:\/\/www.patchworkmanufaktur.de\/index.php?rest_route=\/wp\/v2\/types\/page"}],"author":[{"embeddable":true,"href":"https:\/\/www.patchworkmanufaktur.de\/index.php?rest_route=\/wp\/v2\/users\/2"}],"replies":[{"embeddable":true,"href":"https:\/\/www.patchworkmanufaktur.de\/index.php?rest_route=%2Fwp%2Fv2%2Fcomments&post=51"}],"version-history":[{"count":10,"href":"https:\/\/www.patchworkmanufaktur.de\/index.php?rest_route=\/wp\/v2\/pages\/51\/revisions"}],"predecessor-version":[{"id":2339,"href":"https:\/\/www.patchworkmanufaktur.de\/index.php?rest_route=\/wp\/v2\/pages\/51\/revisions\/2339"}],"wp:attachment":[{"href":"https:\/\/www.patchworkmanufaktur.de\/index.php?rest_route=%2Fwp%2Fv2%2Fmedia&parent=51"}],"curies":[{"name":"wp","href":"https:\/\/api.w.org\/{rel}","templated":true}]}}